{"id":1830,"date":"2023-02-16T22:00:18","date_gmt":"2023-02-16T22:00:18","guid":{"rendered":"https:\/\/danefeld.as\/?page_id=1830"},"modified":"2023-03-05T20:59:42","modified_gmt":"2023-03-05T20:59:42","slug":"henrik-qvortrup","status":"publish","type":"page","link":"https:\/\/danefeld.as\/index.php\/henrik-qvortrup\/","title":{"rendered":""},"content":{"rendered":"\t\t<div data-elementor-type=\"wp-page\" data-elementor-id=\"1830\" class=\"elementor elementor-1830\">\n\t\t\t\t\t\t<section class=\"elementor-section elementor-top-section elementor-element elementor-element-8c65cee elementor-section-full_width elementor-section-height-min-height elementor-section-height-default elementor-section-items-middle\" data-id=\"8c65cee\" data-element_type=\"section\" data-settings=\"{&quot;background_background&quot;:&quot;classic&quot;,&quot;background_motion_fx_opacity_effect&quot;:&quot;yes&quot;,&quot;background_motion_fx_opacity_range&quot;:{&quot;unit&quot;:&quot;%&quot;,&quot;size&quot;:&quot;&quot;,&quot;sizes&quot;:{&quot;start&quot;:&quot;51&quot;,&quot;end&quot;:&quot;76&quot;}},&quot;background_motion_fx_motion_fx_scrolling&quot;:&quot;yes&quot;,&quot;background_motion_fx_opacity_direction&quot;:&quot;in-out&quot;,&quot;background_motion_fx_opacity_level&quot;:{&quot;unit&quot;:&quot;px&quot;,&quot;size&quot;:10,&quot;sizes&quot;:[]},&quot;background_motion_fx_devices&quot;:[&quot;desktop&quot;,&quot;tablet&quot;,&quot;mobile&quot;]}\">\n\t\t\t\t\t\t\t<div class=\"elementor-background-overlay\"><\/div>\n\t\t\t\t\t\t\t<div class=\"elementor-container elementor-column-gap-default\">\n\t\t\t\t\t<div class=\"elementor-column elementor-col-100 elementor-top-column elementor-element elementor-element-df2ae38\" data-id=\"df2ae38\" data-element_type=\"column\">\n\t\t\t<div class=\"elementor-widget-wrap elementor-element-populated\">\n\t\t\t\t\t\t<div class=\"elementor-element elementor-element-db58b1d elementor-widget elementor-widget-heading\" data-id=\"db58b1d\" data-element_type=\"widget\" data-widget_type=\"heading.default\">\n\t\t\t\t<div class=\"elementor-widget-container\">\n\t\t\t<h1 class=\"elementor-heading-title elementor-size-default\">Henrik Qvortrup<\/h1>\t\t<\/div>\n\t\t\t\t<\/div>\n\t\t\t\t<section class=\"elementor-section elementor-inner-section elementor-element elementor-element-3a2e3e9 elementor-section-boxed elementor-section-height-default elementor-section-height-default\" data-id=\"3a2e3e9\" data-element_type=\"section\">\n\t\t\t\t\t\t<div class=\"elementor-container elementor-column-gap-default\">\n\t\t\t\t\t<div class=\"elementor-column elementor-col-100 elementor-inner-column elementor-element elementor-element-6be6062\" data-id=\"6be6062\" data-element_type=\"column\">\n\t\t\t<div class=\"elementor-widget-wrap elementor-element-populated\">\n\t\t\t\t\t\t<div class=\"elementor-element elementor-element-8070c26 elementor-widget elementor-widget-text-editor\" data-id=\"8070c26\" data-element_type=\"widget\" data-widget_type=\"text-editor.default\">\n\t\t\t\t<div class=\"elementor-widget-container\">\n\t\t\t\t\t\t\t<p>Journalistik, medier og magthavere<\/p>\t\t\t\t\t\t<\/div>\n\t\t\t\t<\/div>\n\t\t\t\t\t<\/div>\n\t\t<\/div>\n\t\t\t\t\t<\/div>\n\t\t<\/section>\n\t\t\t\t\t<\/div>\n\t\t<\/div>\n\t\t\t\t\t<\/div>\n\t\t<\/section>\n\t\t\t\t<section class=\"elementor-section elementor-top-section elementor-element elementor-element-a1f65b3 elementor-section-height-min-height elementor-section-boxed elementor-section-height-default elementor-section-items-middle\" data-id=\"a1f65b3\" data-element_type=\"section\" data-settings=\"{&quot;background_background&quot;:&quot;classic&quot;}\">\n\t\t\t\t\t\t<div class=\"elementor-container elementor-column-gap-wider\">\n\t\t\t\t\t<div class=\"elementor-column elementor-col-100 elementor-top-column elementor-element elementor-element-88048fe\" data-id=\"88048fe\" data-element_type=\"column\">\n\t\t\t<div class=\"elementor-widget-wrap elementor-element-populated\">\n\t\t\t\t\t\t<div class=\"elementor-element elementor-element-5bac619 elementor-widget elementor-widget-image\" data-id=\"5bac619\" data-element_type=\"widget\" data-widget_type=\"image.default\">\n\t\t\t\t<div class=\"elementor-widget-container\">\n\t\t\t\t\t\t\t\t\t\t\t\t\t<img fetchpriority=\"high\" decoding=\"async\" width=\"800\" height=\"394\" src=\"https:\/\/danefeld.as\/wp-content\/uploads\/2022\/08\/nyt-logo_hvid_hoej-e1675853176162-1024x504.png\" class=\"attachment-large size-large wp-image-1417\" alt=\"\" srcset=\"https:\/\/danefeld.as\/wp-content\/uploads\/2022\/08\/nyt-logo_hvid_hoej-e1675853176162-1024x504.png 1024w, https:\/\/danefeld.as\/wp-content\/uploads\/2022\/08\/nyt-logo_hvid_hoej-e1675853176162-500x246.png 500w, https:\/\/danefeld.as\/wp-content\/uploads\/2022\/08\/nyt-logo_hvid_hoej-e1675853176162-700x344.png 700w, https:\/\/danefeld.as\/wp-content\/uploads\/2022\/08\/nyt-logo_hvid_hoej-e1675853176162-300x148.png 300w, https:\/\/danefeld.as\/wp-content\/uploads\/2022\/08\/nyt-logo_hvid_hoej-e1675853176162-768x378.png 768w, https:\/\/danefeld.as\/wp-content\/uploads\/2022\/08\/nyt-logo_hvid_hoej-e1675853176162-200x98.png 200w, https:\/\/danefeld.as\/wp-content\/uploads\/2022\/08\/nyt-logo_hvid_hoej-e1675853176162-400x197.png 400w, https:\/\/danefeld.as\/wp-content\/uploads\/2022\/08\/nyt-logo_hvid_hoej-e1675853176162-600x295.png 600w, https:\/\/danefeld.as\/wp-content\/uploads\/2022\/08\/nyt-logo_hvid_hoej-e1675853176162-800x393.png 800w, https:\/\/danefeld.as\/wp-content\/uploads\/2022\/08\/nyt-logo_hvid_hoej-e1675853176162-1200x590.png 1200w, https:\/\/danefeld.as\/wp-content\/uploads\/2022\/08\/nyt-logo_hvid_hoej-e1675853176162.png 1281w\" sizes=\"(max-width: 800px) 100vw, 800px\" \/>\t\t\t\t\t\t\t\t\t\t\t\t\t<\/div>\n\t\t\t\t<\/div>\n\t\t\t\t<div class=\"elementor-element elementor-element-c945fe7 elementor-widget elementor-widget-heading\" data-id=\"c945fe7\" data-element_type=\"widget\" data-widget_type=\"heading.default\">\n\t\t\t\t<div class=\"elementor-widget-container\">\n\t\t\t<h2 class=\"elementor-heading-title elementor-size-default\">ledernetv\u00e6rket<\/h2>\t\t<\/div>\n\t\t\t\t<\/div>\n\t\t\t\t\t<\/div>\n\t\t<\/div>\n\t\t\t\t\t<\/div>\n\t\t<\/section>\n\t\t\t\t<section class=\"elementor-section elementor-top-section elementor-element elementor-element-9715dfd elementor-section-height-min-height elementor-section-boxed elementor-section-height-default elementor-section-items-middle\" data-id=\"9715dfd\" data-element_type=\"section\" data-settings=\"{&quot;background_background&quot;:&quot;classic&quot;}\">\n\t\t\t\t\t\t<div class=\"elementor-container elementor-column-gap-wider\">\n\t\t\t\t\t<div class=\"elementor-column elementor-col-100 elementor-top-column elementor-element elementor-element-9fa8ca7\" data-id=\"9fa8ca7\" data-element_type=\"column\">\n\t\t\t<div class=\"elementor-widget-wrap elementor-element-populated\">\n\t\t\t\t\t\t<div class=\"elementor-element elementor-element-1b0a631 elementor-widget elementor-widget-heading\" data-id=\"1b0a631\" data-element_type=\"widget\" data-widget_type=\"heading.default\">\n\t\t\t\t<div class=\"elementor-widget-container\">\n\t\t\t<h2 class=\"elementor-heading-title elementor-size-default\">Fredag 24. november 2023 <br>kl. 7.45-9.30<\/h2>\t\t<\/div>\n\t\t\t\t<\/div>\n\t\t\t\t<div class=\"elementor-element elementor-element-3d0cb6f elementor-widget elementor-widget-text-editor\" data-id=\"3d0cb6f\" data-element_type=\"widget\" data-widget_type=\"text-editor.default\">\n\t\t\t\t<div class=\"elementor-widget-container\">\n\t\t\t\t\t\t\t<p>Mere en 30 \u00e5r som journalist har givet Qvortrup en k\u00e6mpe erfaring. Ikke mindst i perioden med Corona-pressem\u00f8der blev han kendt som manden, der for alvor udfordrede magthaverne.<\/p><p>I dette foredrag giver han sit syn p\u00e5 et fag, hvor nogle betragter p\u00e6nhed som en dyd. Qvortrup g\u00f8r ikke! Med afs\u00e6t i egne oplevelser beskriver han magtkampen mellem medier og magthavere.<\/p><p>Henrik Qvortrup er en af Danmarks mest kendte journalister. Nok ogs\u00e5 en af de mest omstridte. Han er ber\u00f8mmet \u2013 af visse frygtet \u2013 for sin skarpe stil, hvor han kompromisl\u00f8st stiller magthavere til ansvar. Han er anerkendt for sin store indsigt i dansk politik, som han har skrevet flere b\u00f8ger om.<\/p>\t\t\t\t\t\t<\/div>\n\t\t\t\t<\/div>\n\t\t\t\t\t<\/div>\n\t\t<\/div>\n\t\t\t\t\t<\/div>\n\t\t<\/section>\n\t\t\t\t<\/div>\n\t\t","protected":false},"excerpt":{"rendered":"<p>Henrik Qvortrup Journalistik, medier og magthavere ledernetv\u00e6rket Fredag 24. november 2023 kl. 7.45-9.30 Mere en 30 \u00e5r som journalist har givet Qvortrup en k\u00e6mpe erfaring. Ikke mindst i perioden med Corona-pressem\u00f8der blev han kendt som manden, der for alvor udfordrede magthaverne. I dette foredrag giver han sit syn p\u00e5 et fag, hvor nogle betragter p\u00e6nhed [&hellip;]<\/p>\n","protected":false},"author":1,"featured_media":0,"parent":0,"menu_order":0,"comment_status":"closed","ping_status":"closed","template":"","meta":{"footnotes":""},"class_list":["post-1830","page","type-page","status-publish","hentry"],"yoast_head":"<!-- This site is optimized with the Yoast SEO plugin v25.3.1 - https:\/\/yoast.com\/wordpress\/plugins\/seo\/ -->\n<title>- Danefeld<\/title>\n<meta name=\"robots\" content=\"index, follow, max-snippet:-1, max-image-preview:large, max-video-preview:-1\" \/>\n<link rel=\"canonical\" href=\"https:\/\/danefeld.as\/index.php\/henrik-qvortrup\/\" \/>\n<meta property=\"og:locale\" content=\"da_DK\" \/>\n<meta property=\"og:type\" content=\"article\" \/>\n<meta property=\"og:title\" content=\"- Danefeld\" \/>\n<meta property=\"og:description\" content=\"Henrik Qvortrup Journalistik, medier og magthavere ledernetv\u00e6rket Fredag 24. november 2023 kl. 7.45-9.30 Mere en 30 \u00e5r som journalist har givet Qvortrup en k\u00e6mpe erfaring. Ikke mindst i perioden med Corona-pressem\u00f8der blev han kendt som manden, der for alvor udfordrede magthaverne. I dette foredrag giver han sit syn p\u00e5 et fag, hvor nogle betragter p\u00e6nhed [&hellip;]\" \/>\n<meta property=\"og:url\" content=\"https:\/\/danefeld.as\/index.php\/henrik-qvortrup\/\" \/>\n<meta property=\"og:site_name\" content=\"Danefeld\" \/>\n<meta property=\"article:modified_time\" content=\"2023-03-05T20:59:42+00:00\" \/>\n<meta property=\"og:image\" content=\"https:\/\/danefeld.as\/wp-content\/uploads\/2022\/08\/nyt-logo_hvid_hoej-e1675853176162-1024x504.png\" \/>\n<meta name=\"twitter:card\" content=\"summary_large_image\" \/>\n<meta name=\"twitter:label1\" content=\"Estimeret l\u00e6setid\" \/>\n\t<meta name=\"twitter:data1\" content=\"1 minut\" \/>\n<script type=\"application\/ld+json\" class=\"yoast-schema-graph\">{\"@context\":\"https:\/\/schema.org\",\"@graph\":[{\"@type\":\"WebPage\",\"@id\":\"https:\/\/danefeld.as\/index.php\/henrik-qvortrup\/\",\"url\":\"https:\/\/danefeld.as\/index.php\/henrik-qvortrup\/\",\"name\":\"- Danefeld\",\"isPartOf\":{\"@id\":\"https:\/\/danefeld.as\/#website\"},\"primaryImageOfPage\":{\"@id\":\"https:\/\/danefeld.as\/index.php\/henrik-qvortrup\/#primaryimage\"},\"image\":{\"@id\":\"https:\/\/danefeld.as\/index.php\/henrik-qvortrup\/#primaryimage\"},\"thumbnailUrl\":\"https:\/\/danefeld.as\/wp-content\/uploads\/2022\/08\/nyt-logo_hvid_hoej-e1675853176162-1024x504.png\",\"datePublished\":\"2023-02-16T22:00:18+00:00\",\"dateModified\":\"2023-03-05T20:59:42+00:00\",\"inLanguage\":\"da-DK\",\"potentialAction\":[{\"@type\":\"ReadAction\",\"target\":[\"https:\/\/danefeld.as\/index.php\/henrik-qvortrup\/\"]}]},{\"@type\":\"ImageObject\",\"inLanguage\":\"da-DK\",\"@id\":\"https:\/\/danefeld.as\/index.php\/henrik-qvortrup\/#primaryimage\",\"url\":\"https:\/\/danefeld.as\/wp-content\/uploads\/2022\/08\/nyt-logo_hvid_hoej-e1675853176162.png\",\"contentUrl\":\"https:\/\/danefeld.as\/wp-content\/uploads\/2022\/08\/nyt-logo_hvid_hoej-e1675853176162.png\",\"width\":1281,\"height\":630},{\"@type\":\"WebSite\",\"@id\":\"https:\/\/danefeld.as\/#website\",\"url\":\"https:\/\/danefeld.as\/\",\"name\":\"Danefeld\",\"description\":\"Kommunikation og forretningsudvikling\",\"potentialAction\":[{\"@type\":\"SearchAction\",\"target\":{\"@type\":\"EntryPoint\",\"urlTemplate\":\"https:\/\/danefeld.as\/?s={search_term_string}\"},\"query-input\":{\"@type\":\"PropertyValueSpecification\",\"valueRequired\":true,\"valueName\":\"search_term_string\"}}],\"inLanguage\":\"da-DK\"}]}<\/script>\n<!-- \/ Yoast SEO plugin. -->","yoast_head_json":{"title":"- Danefeld","robots":{"index":"index","follow":"follow","max-snippet":"max-snippet:-1","max-image-preview":"max-image-preview:large","max-video-preview":"max-video-preview:-1"},"canonical":"https:\/\/danefeld.as\/index.php\/henrik-qvortrup\/","og_locale":"da_DK","og_type":"article","og_title":"- Danefeld","og_description":"Henrik Qvortrup Journalistik, medier og magthavere ledernetv\u00e6rket Fredag 24. november 2023 kl. 7.45-9.30 Mere en 30 \u00e5r som journalist har givet Qvortrup en k\u00e6mpe erfaring. Ikke mindst i perioden med Corona-pressem\u00f8der blev han kendt som manden, der for alvor udfordrede magthaverne. I dette foredrag giver han sit syn p\u00e5 et fag, hvor nogle betragter p\u00e6nhed [&hellip;]","og_url":"https:\/\/danefeld.as\/index.php\/henrik-qvortrup\/","og_site_name":"Danefeld","article_modified_time":"2023-03-05T20:59:42+00:00","og_image":[{"url":"https:\/\/danefeld.as\/wp-content\/uploads\/2022\/08\/nyt-logo_hvid_hoej-e1675853176162-1024x504.png","type":"","width":"","height":""}],"twitter_card":"summary_large_image","twitter_misc":{"Estimeret l\u00e6setid":"1 minut"},"schema":{"@context":"https:\/\/schema.org","@graph":[{"@type":"WebPage","@id":"https:\/\/danefeld.as\/index.php\/henrik-qvortrup\/","url":"https:\/\/danefeld.as\/index.php\/henrik-qvortrup\/","name":"- Danefeld","isPartOf":{"@id":"https:\/\/danefeld.as\/#website"},"primaryImageOfPage":{"@id":"https:\/\/danefeld.as\/index.php\/henrik-qvortrup\/#primaryimage"},"image":{"@id":"https:\/\/danefeld.as\/index.php\/henrik-qvortrup\/#primaryimage"},"thumbnailUrl":"https:\/\/danefeld.as\/wp-content\/uploads\/2022\/08\/nyt-logo_hvid_hoej-e1675853176162-1024x504.png","datePublished":"2023-02-16T22:00:18+00:00","dateModified":"2023-03-05T20:59:42+00:00","inLanguage":"da-DK","potentialAction":[{"@type":"ReadAction","target":["https:\/\/danefeld.as\/index.php\/henrik-qvortrup\/"]}]},{"@type":"ImageObject","inLanguage":"da-DK","@id":"https:\/\/danefeld.as\/index.php\/henrik-qvortrup\/#primaryimage","url":"https:\/\/danefeld.as\/wp-content\/uploads\/2022\/08\/nyt-logo_hvid_hoej-e1675853176162.png","contentUrl":"https:\/\/danefeld.as\/wp-content\/uploads\/2022\/08\/nyt-logo_hvid_hoej-e1675853176162.png","width":1281,"height":630},{"@type":"WebSite","@id":"https:\/\/danefeld.as\/#website","url":"https:\/\/danefeld.as\/","name":"Danefeld","description":"Kommunikation og forretningsudvikling","potentialAction":[{"@type":"SearchAction","target":{"@type":"EntryPoint","urlTemplate":"https:\/\/danefeld.as\/?s={search_term_string}"},"query-input":{"@type":"PropertyValueSpecification","valueRequired":true,"valueName":"search_term_string"}}],"inLanguage":"da-DK"}]}},"jetpack_sharing_enabled":true,"_links":{"self":[{"href":"https:\/\/danefeld.as\/index.php\/wp-json\/wp\/v2\/pages\/1830","targetHints":{"allow":["GET"]}}],"collection":[{"href":"https:\/\/danefeld.as\/index.php\/wp-json\/wp\/v2\/pages"}],"about":[{"href":"https:\/\/danefeld.as\/index.php\/wp-json\/wp\/v2\/types\/page"}],"author":[{"embeddable":true,"href":"https:\/\/danefeld.as\/index.php\/wp-json\/wp\/v2\/users\/1"}],"replies":[{"embeddable":true,"href":"https:\/\/danefeld.as\/index.php\/wp-json\/wp\/v2\/comments?post=1830"}],"version-history":[{"count":8,"href":"https:\/\/danefeld.as\/index.php\/wp-json\/wp\/v2\/pages\/1830\/revisions"}],"predecessor-version":[{"id":2170,"href":"https:\/\/danefeld.as\/index.php\/wp-json\/wp\/v2\/pages\/1830\/revisions\/2170"}],"wp:attachment":[{"href":"https:\/\/danefeld.as\/index.php\/wp-json\/wp\/v2\/media?parent=1830"}],"curies":[{"name":"wp","href":"https:\/\/api.w.org\/{rel}","templated":true}]}}